3
-18 + -33 - (5 + (-1 - 7))
-48
Calculate (32 - 4 - 11) + -53 + -10.
-46
What is 31 + 18 + -81 + 62 + (2 - -9) + -2?
39
What is the value of 4 + 32 + -20 + -3 + (63 - 4)?
72
What is the value of -34 + (31 - 13) + 6 + 5 - 33?
-38
Calculate -44 - (3 + 5 + 239 + -408).
117
What is -4 + -13 + 31 - (7 - 6)?
13
-87 + 83 + -62 + 123
57
What is the value of -22 + (-60 - (-164 + 116))?
-34
What is the value of (78 + -52 - -72) + 0 + 1?
99
What is -20 - (7 + (-25 - -16)) - 10?
-28
-8 + 12 + 9 + -21 + 11 + -27
-24
What is the value of -24 + -9 - (-51 + 43) - -94?
69
What is the value of (-62 - 5) + 76 + 6?
15
Evaluate -9 + 86 + -246 + 98.
-71
Evaluate (-65 - 50) + (146 - 80).
-49
(14 - (57 - (15 + -5))) + 18
-15
77 + -10 + -21 + 57 + -29
74
What is the value of -26 - (-1 - -3) - (3428 - 3440)?
-16
What is -62 + (37 + 0 + -18 - (12 - 2))?
-53
What is the value of -16 + (19 + -6 + -5 - -1)?
-7
What is the value of -61 + (-16 - (-35 - (22 - (19 - -9))))?
-48
-3 - 11 - (-24 - (51 - 105))
-44
What is -52 + (55 - (26 - 47))?
24
What is -92 + 35 - 47 - -43?
-61
(32 - (85 - 30)) + (-1 - -20)
-4
What is 8 + (4 - -1) + (11 - (-34 - -37)) + -1?
20
-25 + (-149 - -166 - (-1 - -38))
-45
-19 - (0 + 1 + (-2 - 0) - (216 + -224))
-26
Calculate 10 + -10 + (10 - 13 - -10) + 6.
13
Evaluate (10 + -17 - 5 - (-9 - 3)) + (1 - -4).
5
-109 - -218 - 106 - (-2 - (-1 + -69) - -2)
-67
5 + (2 - (3 + 1)) + -1 + (50 - 23)
29
Evaluate 16 - (-42 + -30 + 7) - 7.
74
Evaluate 92 + -43 + -35 + 28 + (0 - 1).
41
What is the value of (17 - 30 - -19 - (-3 - 3)) + -4?
8
-12 + -31 + 34 + (-1 - (15 - 0))
-25
Evaluate 4 - -64 - (-1 - 36 - -76).
29
Calculate (-37 - -3) + -83 + (-90 - -221).
14
What is (-40 - 26 - (-32 - -8)) + 173?
131
What is the value of 45 + (-1 - (14 - (-8 + 11)))?
33
Evaluate 0 + (1 + -2 - -32 - (-1902 - -1911)).
22
5 + -11 + -12 - (-50 - -48)
-16
What is the value of (-43 - (0 - -1)) + (1986 - 1986)?
-44
What is (6 - (53 - -1)) + -266 + 281?
-33
Calculate 66 + -80 + 13 + 8 + (-1 - 9) + -3.
-6
144 + -63 + -56 + (103 - -7)
135
Evaluate (72 - (172 + -7)) + -5 + 24.
-74
What is ((-9 - -6) + -13 - (-10 - -7)) + 14?
1
(-2 - ((18 - 15) + -23)) + -48
-30
What is the value of 38 + (-135 - -58) - -13?
-26
Evaluate -7 + -11 + 2 + 12 + (3 - 35) + -7.
-43
-6 + (-1 - (-26 - (-1 + -4) - -12))
2
What is the value of (4 - -5) + -8 + (39 - 11 - 10)?
19
What is -38578 + 38592 + (-30 - -1) + 2 + -4?
-17
What is the value of 27 + (-2 - 8 - 22) - (1 + -70)?
64
What is the value of -7 - (-16 - (-56 - -56))?
9
What is -327 + 107 + 197 + (-44 - -1)?
-66
What is the value of -156 - -88 - (0 - 11) - (4 + -3)?
-58
1 - (8 + (-15 - 17 - -14) + 119)
-108
Evaluate -3 + 5 - 12 - (-10 + 2 - 46).
44
What is -6 + (-61 - -50) - (-6 + -9 + 3)?
-5
Calculate -23 + (33 - 26 - (-23 + 15)) + 0.
-8
1 - -11 - (1 + -5 + (30 - 16))
2
What is -35 - -40 - (30 + 23 - (-2 + -2)) - -3?
-49
Calculate 35 - -23 - (38 - 16).
36
-120 + (-11 - -42) + -27 + (-1 - -2 - -1)
-114
Evaluate 20 + -10 + -38 - (0 + -133).
105
Calculate -10 - (37 - -2 - ((-9 - -2) + 5 - -3)).
-48
Evaluate 46 + 0 + (23 - 16).
53
Calculate -2 - 1 - (-3 + -13 + -9 + (-235 - -176)).
81
What is 31 + (16 - (22 + 10) - (-3 + -4))?
22
Calculate 36 + -31 + (3 - -8 - 1) + -34.
-19
(33 - 77 - -19 - (3 - 23)) + -49
-54
Calculate (-12 - -26) + (-5 - 11) - ((-7 - -4) + 0).
1
What is 11 + -8 + -30 - (-31 - -21)?
-17
-53 + (65 - (8 - -19)) - (1 - 30)
14
What is the value of -1 - -4 - (1272 + -1317)?
48
What is 8 + -42 + 33 + 1 + 24?
24
Calculate 0 - (38 + (-4 - 21 - -21)).
-34
23 + 5 + -20 + -5 + -52
-49
Calculate (-8 + -32 - (-74 + 153)) + 0 + (-1 - -4).
-116
Calculate -2 - (-104 - (-17 + -14)).
71
What is 37 - (5 + (12 - 8) - (30 - (5 - -14)))?
39
Calculate 153 - (-81 - (12 + -160)).
86
Calculate -9 - (-4 + 0 - 8 - (-50 + 4 - -8)).
-35
Evaluate 17 - (0 - (0 + -1) - (-5866 + 5886)).
36
What is -81 + (56 - 2) - (25 - 8)?
-44
-58 - (2 + 4 + 340 + -311)
-93
What is 40 + -89 + (79 - -42)?
72
Evaluate (33 - 36) + 2 + -7 + 38.
30
Evaluate -20 + (-24 - (12 - -7)) + 16.
-47
-49 + 23 - (-53 - 3) - -20
50
(-13 - -12) + -37 + (0 - (-18 + 25))
-45
Calculate 4 - (-44 + -10 + 36).
22
Calculate (2 + -7 - (353 + -367) - (16 + -1)) + -1.
-7
Evaluate (15 - ((-31 - -6) + 26)) + -54.
-40
Evaluate (-71 - (12 - (15 + -5))) + 3 + (5 - 3).
-68
What is the value of (-46 + (-10 - 2) - -3) + (-38 - -23)?
-70
Evaluate (-3 + -3 - -9) + -51 + (-14 - -6).
-56
Evaluate -14 - ((10 - 3) + (-16 + (-49 - -16) - 22)).
50
Evaluate (0 - -3) + -93 + 81 + (-21 - -112).
82
What is the value of 21 + 1 + 18 + -34 - (-4 + 0)?
10
What is (-19 - 11) + 21 + (-18 + 1 - -1)?
-25
Calculate -6 + (4 - 7) + 1 - -3 - (-134 + 70).
59
What is (-76 + 71 - (-10 - 3)) + (-2 - 6)?
0
Calculate -18 + (-15 + 41 - 53) + 149.
104
Calculate 5 - (-2 + (-3 - -18) - (276 + -247)).
21
Evaluate (-11 - -20) + 3 + 0 + (-302 - -220).
-70
What is 1 - 150 - (-5348 - -5230)?
-31
What is the value of -16 + 1 - -1 - (-232 - -303 - 85)?
0
Calculate 7890 - 7905 - ((1 - 1) + 28).
-43
What is the value of -7 + (4 - -16 - (-9 + 6 + 80))?
-64
What is the value of 10 + -20 + 44 + (-3 - -3) + 9 + -12?
31
Calculate 11 + (7 - 29) + 10 + 4 + 45 - 0.
48
Evaluate -66 + 1 + (-34 - -41) + -9 - (7 - 7).
-67
What is 7 + 0 + -77 - (-13 - (11 + (7 - 31)))?
-70
What is the value of -10 + 1 + 3 + (36 - 52) + -17?
-39
-1 + -10 - (-145 + 97 + 52)
-15
What is -9 - 15 - -11 - (7 + -7 + -23)?
10
What is 1 - 7 - (4830 + -4857)?
21
17 - 5 - (-121 - (-95 - -19))
57
What is -30 + 47 + -37 + (-4 - 4)?
-28
What is -8 + 0 - (-54 - -43 - (7 + -2 + -3))?
5
What is the value of 11 + -2 - (-1 + 29 - (55 + -56 - 4))?
-24
Evaluate (-2278 - -2295) + (-2 - -1) + -15.
1
Evaluate -35 - ((5 - -16) + -39) - (-1 - (4 + -3)).
-15
What is 1 - 6 - 5 - (-4 + 8 + -3 - 2)?
-9
What is the value of -5 - ((23 - 0 - -50) + (2 - 13))?
-67
Calculate -980 - -1002 - ((0 - -6) + -10 - -124).
-98
Evaluate 36 - -25 - 43 - (0 - -61).
-43
Calculate (-8 + -36 - -29) + 14 - (32 + -1).
-32
What is 43 + -1 - (179 - (303 + -168))?
-2
What is the value of 1 - -14 - (140 - (-53 - -22 - -32 - -11))?
-113
Evaluate (29 - (3 - 1)) + -128 + 114.
13
What is 643 - 693 - (-2 + 3 + 23)?
-74
Calculate -39 + -2 + -10 + (-13 - -21) + -1 + -5.
-49
What is (945 - 947) + -97 + 7 + -3?
-95
Evaluate 7 + -4 - (33 - 40) - ((-6 - 0) + 4).
12
Evaluate -2 - 63 - (27 + (-10 - (34 + -11))).
-59
Calculate -9 + 13 - (-633 + 572).
65
Evaluate (1 - 69) + -1 + -323 + 328.
-64
What is the value of 134 - (290 + -24) - -40?
-92
(108 - (64 + -24)) + -46
22
Calculate -7 - ((-3 + 2 + -7 - 22 - -10) + -10).
23
What is the value of -2545 - -2545 - (12 + 4 - (3 - 2))?
-15
Evaluate 1 + -1 + 0 + (-84 - (82 + -117)).
-49
Calculate -8 - (2 + 0) - (31 + 123 + -148).
-16
What is the value of 53 + (51 - (57 - (37 - 4)))?
80
Evaluate -411 - -403 - (1 - (-2 + 4)) - (10 - -45).
-62
Calculate -5 + 0 + -48 + 38 + -60 + 16.
-59
Calculate -4 + -13 + 10 - (-43 + -71 + (-1 - -2)).
106
-86 + (-30 + (4 - -29) - -31)
-52
What is the value of -20 - (52 - (49 + 6)) - (0 + -16)?
-1
Evaluate (96 + -62 - 5) + -53.
-24
(-58 - (-1 - -3)) + (-39 - (36 + (-4 - 78)))
-53
Evaluate 228 + -160 + -9 + (-2 - -7).
64
Evaluate -150 - (139 - 217 - 43).
-29
Calculate 5 + (39 + 0 - -2) + (-22 - 19 - -52).
57
Evaluate -6 - (2 + -36 - (-32 - -19)) - -5.
20
What is -46 + -12 + (-43 - (-84 - -31)) + (-4 - -1)?
-51
What is the value of (7 - 15) + -12 - 6 - (2 - -3)?
-31
Evaluate -26 - (2 - 4) - (1362 + -1387).
1
Evaluate 101 + -111 + -28 + -36.
-74
21 - 2 - (-7 - -22 - -42)
-38
-48 + (-49 - -80) - -5
-12
Calculate (-10 - 2) + (-44 + 21 + 4 - 2).
-33
Calculate -25 + 52 - ((-12 - -112) + 2).
-75
Calculate (-13 + 23 - (6 - 10)) + -9 + (26 - -1).
32
What is the value of -1006 + 1110 + -30 + -6 + 6?
74
12 + -13 - (-94 - (0 - (-20 - -1)))
112
What is the value of (13 - 45 - -2) + 13?
-17
Calculate 35 - (33 + -45 - (-111 - -2)).
-62
Calculate 18 + -1 + (-240 - -229) + 63.
69
What is the value of 15 + 9 + (-16 - -22 - 4) + -20?
6
Calculate -2 + 12 + 8 + (6 + (6 - 48) - -12).
-6
What is (0 - -1) + (181 - (205 + -96))?
73
Evaluate 160 + -252 + 17 + 1 + -13 + 4 + 1.
-82
Calculate 3 + -29 - (-82 - 34 - -75).
15
-1 - 35 - (-5 - -8) - (-311 + 301)
-29
(-22 - (-2 - 1)) + 302 + -203
80
What is 2661 + -2696 + 19 + 2 +